 Let s(c) = 21*c - 3. Let v be s(t). What is the highest common factor of 15 and v?
15
Suppose -t + o = -9, 4*t + 3*o - 49 = 15. Suppose -t = -2*q - 1. What is the highest common factor of q and 66?
6
Suppose 3*f - 3 = 2*f. Suppose -y + 320 = f*y. Calculate the highest common divisor of 16 and y.
16
Let y(x) be the second derivative of 0 + 2*x - 7/2*x**2 + 2/3*x**3. Let f be y(6). Calculate the greatest common factor of f and 187.
17
Suppose m = 2*j - 4*j + 18, 0 = -2*j - 4*m + 6. Suppose 5 - j = -n. Calculate the highest common divisor of 30 and n.
6
Let c(f) = 6*f**2 + 3*f - 2. Let r be c(1). Calculate the highest common divisor of 56 and r.
7
Let a = 27 - 17. Calculate the greatest common factor of a and 30.
10
Let f(q) = q**3 + q**2 + q. Let b be f(2). Let w be (1 - 0) + b + 3. Let j = w + -9. Calculate the highest common divisor of j and 9.
9
Suppose j + k = 2, 4*j - 2*k = -4 + 24. Let v(o) = 2*o**2 - o - 12. Let q be v(j). What is the highest common factor of q and 80?
16
Let t = -26 + 6. Let u = -11 - t. Calculate the greatest common factor of 45 and u.
9
Suppose 0 = 9*l - 27*l + 9504. Calculate the greatest common factor of 48 and l.
48
Suppose -4*a = 261 + 179. Let v be 1/(-3) + a/(-6). What is the greatest common factor of 45 and v?
9
Suppose -4*q - 7*q = -1980. What is the greatest common divisor of 20 and q?
20
Let w(q) = q**3 + 6*q**2 - 6*q + 8. Let h be w(-7). What is the highest common factor of h and 8?
1
Suppose 0*n + 96 = 2*n - 3*k, 3*k = -4*n + 228. Let c be (-18)/(-4)*(-24)/(-18). Calculate the highest common factor of c and n.
6
Suppose 2*y - 10 = -3*y. Suppose y*c = 5*c - 6. Calculate the highest common factor of c and 10.
2
Let v be 71/3 - (-10)/(-15). What is the greatest common factor of 253 and v?
23
Suppose 10*k - 214 = -54. Let z = 85 - -59. Calculate the highest common divisor of k and z.
16
Let d be ((-24)/10)/((-3)/60). Suppose 91 = 3*z - 8*s + 3*s, -5*s = 4*z - 133. What is the highest common factor of d and z?
16
Suppose -3*f = -w - 9, 3*w - 9 - 3 = -4*f. Suppose f*c = c + 432. Calculate the greatest common divisor of 27 and c.
27
Let t(a) = a**3 + 3*a**2 - a + 1. Let l be t(-3). Calculate the greatest common factor of 8 and l.
4
Let r(y) = 6*y**2 + 3*y - 4. Let a = 0 + -4. Let m be r(a). What is the highest common factor of 10 and m?
10
Let x(y) = 14*y**2 - y. Let h be x(-1). Let u be (h - 0) + (-1 - 2). Calculate the highest common factor of u and 108.
12
Let n be (-7 + 0)*6/(-21). Suppose 0 = n*a - 158 - 18. What is the greatest common factor of a and 22?
22
Let h be ((-32)/6)/(-4)*(-12)/(-1). Calculate the highest common factor of h and 2.
2
Let a be (7/3 + 0)/((-19)/(-171)). Calculate the highest common factor of 3 and a.
3
Let a(l) = 12*l + 2*l**2 - 8 - 3*l**2 - 3*l. Let z be a(6). What is the highest common divisor of z and 4?
2
Let j(h) = -8*h + 4. Let q(g) = -g**2 - 23*g + 11. Let d(r) = -7*j(r) + 2*q(r). Let s be d(6). Let k = s - -36. Calculate the highest common factor of k and 9.
9
Let v(s) be the third derivative of 0 - 1/8*s**4 + 1/6*s**3 + 1/30*s**5 + 0*s - 3*s**2. Let q be v(3). Calculate the highest common divisor of 2 and q.
2
Let l = 6 + -2. Suppose l = 2*a - 206. Calculate the greatest common factor of a and 42.
21
Let j(b) = -4*b - 22. Let g be j(-7). Calculate the highest common divisor of 6 and g.
6
Let j be 7/3 + (-1)/3. Suppose -2*c + 64 = j*c. Suppose -4*o + 145 = o + 3*n, 2*o - 84 = 4*n. What is the greatest common factor of o and c?
16
Let u(b) = -b + 8. Let m be u(4). Calculate the highest common factor of 12 and m.
4
Let y be (4/(24/(-39)))/(1/(-2)). Suppose 1 - 40 = -3*g. Calculate the highest common factor of g and y.
13
Let g(j) = 5*j**2 - 2*j + 2. Let p be g(2). Calculate the highest common factor of p and 18.
18
Let j(g) = g**3 - 5*g**2 + 4*g + 4. Let w be j(4). Calculate the highest common divisor of w and 16.
4
Suppose -2*x = -3*x + 2. Suppose -x*c = c - 60. Suppose -4*o = c, 5*o = 2*h - 5*h - 13. What is the greatest common factor of h and 16?
4
Let l be 49/2 + (-1)/2. What is the highest common factor of l and 3?
3
Suppose 4*x + 4*m = -x + 60, -3*m = x - 12. What is the greatest common divisor of x and 84?
12
Let a = -5 + 1. Let b = a - -8. What is the highest common factor of 6 and b?
2
Suppose -5*u + 480 = 135. Calculate the highest common factor of u and 23.
23
Let x(l) = -l**2 + 2*l + 11. Let z be x(5). Let a(j) = 1 + 1 - 9*j - j. Let m be a(z). What is the highest common factor of 28 and m?
14
Let q = 14 + -8. Calculate the greatest common factor of 24 and q.
6
Let t = 6 - -9. Let k be (-1*2)/2 + 46. What is the greatest common divisor of t and k?
15
Let g(t) = -4*t - 2. Let f be g(-2). Suppose 4*c = 1 - 5. Let q be 8 - 4/(c - -3). Calculate the greatest common factor of q and f.
6
Let z = -2 + 6. Suppose 5*x - w - 56 = 8, -5*x + 69 = z*w. Suppose -4*o + 83 = -73. Calculate the highest common factor of o and x.
13
Suppose l = 4*f + 158, l + 767 = 6*l + 3*f. What is the highest common factor of 14 and l?
14
Let w be ((-21)/6 + -1)*80/(-15). Calculate the highest common factor of w and 240.
24
Let n = 26 + -11. Suppose -143 = -12*r + 37. Calculate the greatest common divisor of r and n.
15
Suppose 5*h + 15 = 85. Let v = 0 + h. Calculate the highest common factor of v and 7.
7
Let j(i) = 2*i - 2. Let q be j(2). Let g be (q - 4) + 2 + 112. Let v = 9 + 5. Calculate the highest common divisor of g and v.
14
Let n(k) be the first derivative of -5*k**3/3 - 2. Let h be n(1). Let y be ((-2)/h)/(2/20). What is the highest common factor of y and 36?
4
Let r = 15 + -21. Let f be r - -2 - 1*-100. Calculate the greatest common factor of 12 and f.
12
Let k = 7 - 7. Let r be 0/(k - 1) - -59. Suppose -5*n + r = h - 44, 89 = 4*n + 3*h. Calculate the greatest common divisor of 5 and n.
5
Let j be (-68)/(-5) + 2/5. Let n(v) = 153*v**2 - 2*v + 3. Let l be n(1). What is the highest common factor of l and j?
14
Suppose 2*c - 2 = 2. Let d(z) = 29*z - 3. Let n be d(c). Let i be (10/6)/((-7)/(-21)). What is the greatest common factor of i and n?
5
Suppose 5*l + 2*i = 22, -2*i - 24 = -5*l - 6*i. Suppose f - l*h = -h + 11, 0 = 2*h + 6. Calculate the highest common divisor of f and 2.
2
Let k(x) = x**2 - 7*x + 1. Let c be k(9). Calculate the highest common divisor of c and 19.
19
Let t = 33 + -31. What is the highest common divisor of t and 2?
2
Let u(g) = 3*g - 3. Let c be u(3). Let p be (6 + -3)/(1/(-2)). Let t = p - -48. Calculate the highest common factor of c and t.
6
Suppose 4*c + 0*b - 3*b - 67 = 0, 5*c = 3*b + 83. Calculate the greatest common factor of c and 32.
16
Let q(h) = h**3 - 3*h**2 + 4*h + 6. Let t be q(5). Let x = 9 + 10. Calculate the highest common divisor of t and x.
19
Let r(d) = -2*d**3 + 10*d**2 - 5 + 1 - 2*d + 0 + 3*d**3. Let q be r(-10). Let v(x) = 9*x + 3. Let a be v(5). What is the greatest common divisor of a and q?
16
Let s = -8 + 18. Calculate the greatest common factor of s and 110.
10
Suppose 2*v + 7 = -11. Let n = 1 - v. Calculate the greatest common divisor of n and 110.
10
Let s be -9*(-1 - 4/(-6)). Suppose -s*l + 13 = h + 3*h, -l = 2*h - 9. Let j = 22 - 8. What is the highest common divisor of j and h?
7
Let l be 5/((-9 - -5) + (-5)/(-1)). What is the highest common factor of 135 and l?
5
Let o(t) = 3*t**2 + 3*t + 2. Let i be o(-3). Suppose l - i = -0*l. What is the highest common divisor of l and 160?
20
Let v = -163 + 199. Let w be (4/(-3))/(2/(-36)). What is the highest common divisor of v and w?
12
Let q be 6/(44/(-12) - -4). Calculate the highest common divisor of 12 and q.
6
Let y = 156 - 141. Calculate the highest common factor of y and 15.
15
Suppose -5*u + 4*g = 2*g + 3, 2*u + 2 = g. Let t(s) = 2*s**3 - s**2 + 1. Let a be t(1). Suppose 12 = a*b + 2*b. What is the greatest common divisor of u and b?
1
Suppose -101*b + 103*b = 38. What is the highest common divisor of 76 and b?
19
Let q be (-4*9)/(36/(-24)). What is the greatest common factor of q and 8?
8
Let i be 4/10 - (-1554)/15. Suppose -3*w = 5 - 17. Let v be ((-26)/(-4))/(w/8). What is the highest common divisor of i and v?
13
Let n be -10 + 5 + -3 + 23. What is the greatest common factor of n and 165?
15
Let d = -11 + 15. Let p be (3 - d)*1*-10. What is the highest common factor of p and 70